he hundreds digit of 389771?
7
What is the hundred thousands digit of 12975911?
9
What is the ten thousands digit of 2820271?
2
What is the hundreds digit of 985663?
6
What is the thousands digit of 462885?
2
What is the ten thousands digit of 21995505?
9
What is the ten thousands digit of 1112953?
1
What is the millions digit of 2237091?
2
What is the ten thousands digit of 20176797?
7
What is the thousands digit of 49888?
9
What is the hundreds digit of 10589036?
0
What is the hundreds digit of 241882?
8
What is the hundreds digit of 448177?
1
What is the thousands digit of 3452695?
2
What is the hundreds digit of 718872?
8
What is the tens digit of 6899161?
6
What is the tens digit of 1233866?
6
What is the tens digit of 4187744?
4
What is the units digit of 1983420?
0
What is the thousands digit of 106346?
6
What is the units digit of 1476729?
9
What is the tens digit of 2613442?
4
What is the tens digit of 19706928?
2
What is the millions digit of 11519049?
1
What is the tens digit of 19501177?
7
What is the ten millions digit of 13208816?
1
What is the units digit of 7522553?
3
What is the ten thousands digit of 50937?
5
What is the ten thousands digit of 10210102?
1
What is the thousands digit of 6288259?
8
What is the thousands digit of 924818?
4
What is the hundred thousands digit of 4782752?
7
What is the units digit of 48626?
6
What is the hundreds digit of 13375448?
4
What is the hundreds digit of 23309593?
5
What is the units digit of 6638733?
3
What is the ten thousands digit of 24663790?
6
What is the tens digit of 22350678?
7
What is the hundreds digit of 26247131?
1
What is the ten thousands digit of 158299?
5
What is the thousands digit of 2349249?
9
What is the hundreds digit of 4715521?
5
What is the ten thousands digit of 2540553?
4
What is the hundred thousands digit of 240141?
2
What is the hundred thousands digit of 10831073?
8
What is the ten millions digit of 25707535?
2
What is the units digit of 85052?
2
What is the hundred thousands digit of 1931922?
9
What is the ten thousands digit of 395476?
9
What is the hundreds digit of 3273934?
9
What is the ten thousands digit of 254007?
5
What is the hundreds digit of 255096?
0
What is the ten thousands digit of 36049316?
4
What is the hundreds digit of 18903605?
6
What is the units digit of 125661?
1
What is the units digit of 345648?
8
What is the ten thousands digit of 117206?
1
What is the units digit of 864904?
4
What is the tens digit of 511015?
1
What is the hundred thousands digit of 2391378?
3
What is the tens digit of 974342?
4
What is the hundred thousands digit of 6788697?
7
What is the millions digit of 1403506?
1
What is the thousands digit of 17968730?
8
What is the hundred thousands digit of 2003640?
0
What is the millions digit of 6781378?
6
What is the hundreds digit of 1425454?
4
What is the hundred thousands digit of 1062724?
0
What is the thousands digit of 747318?
7
What is the thousands digit of 251268?
1
What is the units digit of 4750390?
0
What is the hundreds digit of 49748?
7
What is the ten millions digit of 18694495?
1
What is the units digit of 309237?
7
What is the hundred thousands digit of 399318?
3
What is the thousands digit of 26459881?
9
What is the units digit of 2465984?
4
What is the units digit of 50400?
0
What is the units digit of 398091?
1
What is the thousands digit of 86503?
6
What is the tens digit of 25873376?
7
What is the tens digit of 2043259?
5
What is the ten thousands digit of 3304104?
0
What is the thousands digit of 3980213?
0
What is the millions digit of 1660273?
1
What is the tens digit of 11369?
6
What is the thousands digit of 83782?
3
What is the hundreds digit of 3991171?
1
What is the ten thousands digit of 78579?
7
What is the ten thousands digit of 957046?
5
What is the tens digit of 13336329?
2
What is the hundreds digit of 73208?
2
What is the tens digit of 2839580?
8
What is the units digit of 494031?
1
What is the thousands digit of 4262868?
2
What is the tens digit of 214215?
1
What is the hundred thousands digit of 2312275?
3
What is the ten thousands digit of 7318974?
1
What is the tens digit of 421183?
8
What is the units digit of 5132693?
3
What is the hundreds digit of 12647363?
3
What is the thousands digit of 27043237?
3
What is the hundred thousands digit of 5752815?
7
What is the hundreds digit of 8107909?
9
What is the millions digit of 10252003?
0
What is the ten thousands digit of 1156539?
5
What is the hundred thousands digit of 4919176?
9
What is the thousands digit of 132015?
2
What is the thousands digit of 1067797?
7
What is the hundred thousands digit of 710838?
7
What is the thousands digit of 74407?
4
What is the hundreds digit of 414300?
3
What is the ten thousands digit of 1022020?
2
What is the thousands digit of 4222585?
2
What is the hundreds digit of 8973838?
8
What is the ten millions digit of 11301451?
1
What is the thousands digit of 33573?
3
What is the hundreds digit of 2991199?
1
What is the ten millions digit of 11928322?
1
What is the units digit of 46714?
4
What is the units digit of 19974907?
7
What is the ten thousands digit of 2328348?
2
What is the hundred thousands digit of 2425228?
4
What is the tens digit of 708093?
9
What is the ten thousands digit of 69313?
6
What is the units digit of 15443852?
2
What is the tens digit of 7548733?
3
What is the hundred thousands digit of 9605753?
6
What is the ten thousands digit of 162148?
6
What is the units digit of 142104?
4
What is the units digit of 2785500?
0
What is the units digit of 116447?
7
What is the millions digit of 18622113?
8
What is the tens digit of 813690?
9
What is the ten thousands digit of 2455337?
5
What is the thousands digit of 59786?
9
What is the ten thousands digit of 507040?
0
What is the hundreds digit of 129447?
4
What is the units digit of 1143985?
5
What is the ten thousands digit of 13034855?
3
What is the units digit of 289767?
7
What is the thousands digit of 6841243?
1
What is the tens digit of 924967?
6
What is the tens digit of 5256218?
1
What is the thousands digit of 298737?
8
What is the tens digit of 197188?
8
What is the hundred thousands digit of 134300?
1
What is the ten thousands digit of 8443214?
4
What is the hundreds digit of 141671?
6
What is the millions digit of 19594238?
9
What is the units digit of 30211?
1
What is the ten thousands digit of 3492571?
9
What is the hundred thousands digit of 9352338?
3
What is the tens digit of 1393616?
1
What is the tens digit of 143558?
5
What is the millions digit of 1754465?
1
What is the hundreds digit of 651048?
0
What is the millions digit of 1706372?
1
What is the ten thousands digit of 8252162?
5
What is the millions digit of 2103534?
2
What is the tens digit of 429745?
4
What is the tens digit of 127918?
1
What is the hundreds digit of 122219?
2
What is the tens digit of 19895?
9
What is the hundred thousands digit of 1123840?
1
What is the hundred thousands digit of 826641?
8
What is the units digit of 26007809?
9
What is the units digit of 12928?
8
What is the hundred thousands digit of 990953?
9
What is the tens digit of 512491?
9
What is the thousands digit of 7141821?
1
What is the hundred thousands digit of 20344786?
3
What is the thousands digit of 81117?
1
What is the units digit of 23072713?
3
What is the tens digit of 3823574?
7
What is the thousands digit of 4315473?
5
What is the hundreds digit of 3730583?
5
What is the thousands digit of 2614?
2
What is the thousands digit of 455584?
5
What is the tens digit of 409099?
9
What is the hundreds digit of 20941588?
5
What is the ten thousands digit of 142598?
4
What is the hundreds digit of 1598689?
6
What is the thousands digit of 1249289?
9
What is the units digit of 1262283?
3
What is the hundreds digit of 28110485?
4
What is the thousands digit of 956757?
6
What is the hundred thousands digit of 255846?
2
What is the tens digit of 124019?
1
What is the hundreds digit of 214282?
2
What is the thousands digit of 1220125?
0
What is the ten thousands digit of 361418?
6
What is the units digit of 1330233?
3
What is the tens digit of 21303?
0
What is the tens digit of 110767?
6
What is the tens digit of 2578717?
1
What is the tens digit of 2369984?
8
What is the ten